{"id":73,"date":"2017-05-08T11:14:28","date_gmt":"2017-05-08T09:14:28","guid":{"rendered":"http:\/\/www.altersresidenzverein.org\/?page_id=73"},"modified":"2017-05-08T11:14:28","modified_gmt":"2017-05-08T09:14:28","slug":"ziele","status":"publish","type":"page","link":"https:\/\/www.altersresidenzverein.org\/index.php\/ziele\/","title":{"rendered":"Ziele"},"content":{"rendered":"<h1>Die Ziele des ARV &#8211; Altersresidenzverein<\/h1>\n<p>Der ARV &#8211; Altersresidenzverein hat das Ziel sozialen Wohnraum (Residenzen) mit Lebensqualit\u00e4t f\u00fcr bed\u00fcrftige Menschen zu erschaffen. Der ARV \u00fcbernimmt alle notwendigen organisatorischen Aufgaben und die Verwaltung.<\/p>\n<h2>Soziale Gemeinschaften\/ Residenzen<\/h2>\n<p>Jeder Wohnraum ist auch eine soziale Gemeinschaft aus verschiedenen Menschen, welche sich gegenseitig Unterst\u00fctzung liefern.<\/p>\n<p>J\u00fcngere Vereinsmitgliedern helfen sinnbildlich den \u00e4lteren Mitgliedern, denn die Solidarit\u00e4t und das liebevolle Miteinander, sind grundlegende Bestandteile der Vereinigung. Diese Solidarit\u00e4t bildet die Eckpfeiler, welche Sicherheit und eine optimale \u00a0Zukunft versprechen!<\/p>\n<p>Altersgerechte Gemeinschaften\/ Residenzen f\u00fcr Personen ab 40 Jahren<br \/>\nStadt \u2013 Wohnung, Haus<br \/>\nDorf \u2013 Wohnung, Haus<br \/>\nDorf mit Landwirtschaft &#8211; Haus<\/p>\n<p>Gesundheitsgerechte Gemeinschaften\/ Residenzen f\u00fcr psychisch erkrankte Menschen<br \/>\n20 \u2013 30 j\u00e4hrige Bewohner<br \/>\n30 \u2013 40 j\u00e4hrige Bewohner<br \/>\n\u2026&#8230;<\/p>\n<p>Alters- und Gesundheitsgerechte Gemeinschaften\/ Residenzen f\u00fcr pflegebed\u00fcrftige Menschen<br \/>\n20 \u2013 30 j\u00e4hrige Bewohner<br \/>\n30 \u2013 40 j\u00e4hrige Bewohner<br \/>\n\u2026&#8230;<\/p>\n<p>Offene Transparenz \u00fcber das Internet, Informationen \u00fcber Einzelprojekte werden vom ARV &#8211; Altersresidenzverein gew\u00e4hrleistet<\/p>\n<h2>Wohnen mit Lebensqualit\u00e4t<\/h2>\n<p>Die Lebensqualit\u00e4t ist sehr individuell, weshalb jeder pers\u00f6nlich dar\u00fcber bestimmt, wie die pers\u00f6nliche Lebensqualit\u00e4t aussehen soll.<\/p>\n<p>Jede Residenz ist ein h\u00f6chst individuelles soziales Wohnprojekt. Das bedeutet, dass jede Residenz einen ganz klaren Zweck und eine klare Ausrichtung hat. Angelehnt an den Zweck werden Bewohner mit den selben Vorstellungen von Lebensqualit\u00e4t in einer gemeinschaftlichen Residenz zusammengefasst.<\/p>\n<p>Neue Vereinsmitglieder werden von der Gruppe mit dem Mehrheitsprinzip gew\u00e4hlt! So werden teamf\u00e4hige Mitglieder aufgenommen, welche am gleichen Strick ziehen.<\/p>\n<p>Einige werden Gartenarbeiten lieben, um m\u00f6glichst viel Selbstversorgung zu garantieren und ges\u00fcndere Nahrung zu erhalten. Andere Bewohner k\u00f6nnten dann noch dazu beitragen, dass die Wohngruppe ges\u00fcnder und vitaler Alt wird!<\/p>\n<p>Damit die Selbstst\u00e4ndigkeit der Mitbewohner m\u00f6glichst lange gelebt werden kann, ben\u00f6tigt die Altersresidenz eine gute Durchmischung von verschiedenen Personen! Beide Geschlechter m\u00fcssen vertreten sein. Die Personen d\u00fcrfen sich erg\u00e4nzen, jeder steuert seinen Teil bei, f\u00fcr ein liebevolles Gemeinwohl.<\/p>\n","protected":false},"excerpt":{"rendered":"<p>Die Ziele des ARV &#8211; Altersresidenzverein Der ARV &#8211; Altersresidenzverein hat das Ziel sozialen Wohnraum (Residenzen) mit Lebensqualit\u00e4t f\u00fcr bed\u00fcrftige Menschen zu erschaffen. Der ARV \u00fcbernimmt alle notwendigen organisatorischen Aufgaben und die Verwaltung. Soziale Gemeinschaften\/&hellip;<\/p>\n","protected":false},"author":1,"featured_media":0,"parent":0,"menu_order":0,"comment_status":"closed","ping_status":"closed","template":"","meta":{"footnotes":""},"class_list":["post-73","page","type-page","status-publish","hentry"],"yoast_head":"<!-- This site is optimized with the Yoast SEO plugin v27.5 - https:\/\/yoast.com\/product\/yoast-seo-wordpress\/ -->\n<title>Ziele - ARV<\/title>\n<meta name=\"robots\" content=\"index, follow, max-snippet:-1, max-image-preview:large, max-video-preview:-1\" \/>\n<link rel=\"canonical\" href=\"https:\/\/www.altersresidenzverein.org\/index.php\/ziele\/\" \/>\n<meta property=\"og:locale\" content=\"de_DE\" \/>\n<meta property=\"og:type\" content=\"article\" \/>\n<meta property=\"og:title\" content=\"Ziele - ARV\" \/>\n<meta property=\"og:description\" content=\"Die Ziele des ARV &#8211; Altersresidenzverein Der ARV &#8211; Altersresidenzverein hat das Ziel sozialen Wohnraum (Residenzen) mit Lebensqualit\u00e4t f\u00fcr bed\u00fcrftige Menschen zu erschaffen. Der ARV \u00fcbernimmt alle notwendigen organisatorischen Aufgaben und die Verwaltung. Soziale Gemeinschaften\/&hellip;\" \/>\n<meta property=\"og:url\" content=\"https:\/\/www.altersresidenzverein.org\/index.php\/ziele\/\" \/>\n<meta property=\"og:site_name\" content=\"ARV\" \/>\n<meta name=\"twitter:card\" content=\"summary_large_image\" \/>\n<meta name=\"twitter:label1\" content=\"Gesch\u00e4tzte Lesezeit\" \/>\n\t<meta name=\"twitter:data1\" content=\"2\u00a0Minuten\" \/>\n<script type=\"application\/ld+json\" class=\"yoast-schema-graph\">{\"@context\":\"https:\\\/\\\/schema.org\",\"@graph\":[{\"@type\":\"WebPage\",\"@id\":\"https:\\\/\\\/www.altersresidenzverein.org\\\/index.php\\\/ziele\\\/\",\"url\":\"https:\\\/\\\/www.altersresidenzverein.org\\\/index.php\\\/ziele\\\/\",\"name\":\"Ziele - ARV\",\"isPartOf\":{\"@id\":\"https:\\\/\\\/www.altersresidenzverein.org\\\/#website\"},\"datePublished\":\"2017-05-08T09:14:28+00:00\",\"breadcrumb\":{\"@id\":\"https:\\\/\\\/www.altersresidenzverein.org\\\/index.php\\\/ziele\\\/#breadcrumb\"},\"inLanguage\":\"de\",\"potentialAction\":[{\"@type\":\"ReadAction\",\"target\":[\"https:\\\/\\\/www.altersresidenzverein.org\\\/index.php\\\/ziele\\\/\"]}]},{\"@type\":\"BreadcrumbList\",\"@id\":\"https:\\\/\\\/www.altersresidenzverein.org\\\/index.php\\\/ziele\\\/#breadcrumb\",\"itemListElement\":[{\"@type\":\"ListItem\",\"position\":1,\"name\":\"Home\",\"item\":\"https:\\\/\\\/www.altersresidenzverein.org\\\/\"},{\"@type\":\"ListItem\",\"position\":2,\"name\":\"Ziele\"}]},{\"@type\":\"WebSite\",\"@id\":\"https:\\\/\\\/www.altersresidenzverein.org\\\/#website\",\"url\":\"https:\\\/\\\/www.altersresidenzverein.org\\\/\",\"name\":\"ARV\",\"description\":\"Leben in einer sozialen Gemeinschaft mit Gleichgesinnten und Lebensqualit\u00e4t\",\"potentialAction\":[{\"@type\":\"SearchAction\",\"target\":{\"@type\":\"EntryPoint\",\"urlTemplate\":\"https:\\\/\\\/www.altersresidenzverein.org\\\/?s={search_term_string}\"},\"query-input\":{\"@type\":\"PropertyValueSpecification\",\"valueRequired\":true,\"valueName\":\"search_term_string\"}}],\"inLanguage\":\"de\"}]}<\/script>\n<!-- \/ Yoast SEO plugin. -->","yoast_head_json":{"title":"Ziele - ARV","robots":{"index":"index","follow":"follow","max-snippet":"max-snippet:-1","max-image-preview":"max-image-preview:large","max-video-preview":"max-video-preview:-1"},"canonical":"https:\/\/www.altersresidenzverein.org\/index.php\/ziele\/","og_locale":"de_DE","og_type":"article","og_title":"Ziele - ARV","og_description":"Die Ziele des ARV &#8211; Altersresidenzverein Der ARV &#8211; Altersresidenzverein hat das Ziel sozialen Wohnraum (Residenzen) mit Lebensqualit\u00e4t f\u00fcr bed\u00fcrftige Menschen zu erschaffen. Der ARV \u00fcbernimmt alle notwendigen organisatorischen Aufgaben und die Verwaltung. Soziale Gemeinschaften\/&hellip;","og_url":"https:\/\/www.altersresidenzverein.org\/index.php\/ziele\/","og_site_name":"ARV","twitter_card":"summary_large_image","twitter_misc":{"Gesch\u00e4tzte Lesezeit":"2\u00a0Minuten"},"schema":{"@context":"https:\/\/schema.org","@graph":[{"@type":"WebPage","@id":"https:\/\/www.altersresidenzverein.org\/index.php\/ziele\/","url":"https:\/\/www.altersresidenzverein.org\/index.php\/ziele\/","name":"Ziele - ARV","isPartOf":{"@id":"https:\/\/www.altersresidenzverein.org\/#website"},"datePublished":"2017-05-08T09:14:28+00:00","breadcrumb":{"@id":"https:\/\/www.altersresidenzverein.org\/index.php\/ziele\/#breadcrumb"},"inLanguage":"de","potentialAction":[{"@type":"ReadAction","target":["https:\/\/www.altersresidenzverein.org\/index.php\/ziele\/"]}]},{"@type":"BreadcrumbList","@id":"https:\/\/www.altersresidenzverein.org\/index.php\/ziele\/#breadcrumb","itemListElement":[{"@type":"ListItem","position":1,"name":"Home","item":"https:\/\/www.altersresidenzverein.org\/"},{"@type":"ListItem","position":2,"name":"Ziele"}]},{"@type":"WebSite","@id":"https:\/\/www.altersresidenzverein.org\/#website","url":"https:\/\/www.altersresidenzverein.org\/","name":"ARV","description":"Leben in einer sozialen Gemeinschaft mit Gleichgesinnten und Lebensqualit\u00e4t","potentialAction":[{"@type":"SearchAction","target":{"@type":"EntryPoint","urlTemplate":"https:\/\/www.altersresidenzverein.org\/?s={search_term_string}"},"query-input":{"@type":"PropertyValueSpecification","valueRequired":true,"valueName":"search_term_string"}}],"inLanguage":"de"}]}},"_links":{"self":[{"href":"https:\/\/www.altersresidenzverein.org\/index.php\/wp-json\/wp\/v2\/pages\/73","targetHints":{"allow":["GET"]}}],"collection":[{"href":"https:\/\/www.altersresidenzverein.org\/index.php\/wp-json\/wp\/v2\/pages"}],"about":[{"href":"https:\/\/www.altersresidenzverein.org\/index.php\/wp-json\/wp\/v2\/types\/page"}],"author":[{"embeddable":true,"href":"https:\/\/www.altersresidenzverein.org\/index.php\/wp-json\/wp\/v2\/users\/1"}],"replies":[{"embeddable":true,"href":"https:\/\/www.altersresidenzverein.org\/index.php\/wp-json\/wp\/v2\/comments?post=73"}],"version-history":[{"count":2,"href":"https:\/\/www.altersresidenzverein.org\/index.php\/wp-json\/wp\/v2\/pages\/73\/revisions"}],"predecessor-version":[{"id":75,"href":"https:\/\/www.altersresidenzverein.org\/index.php\/wp-json\/wp\/v2\/pages\/73\/revisions\/75"}],"wp:attachment":[{"href":"https:\/\/www.altersresidenzverein.org\/index.php\/wp-json\/wp\/v2\/media?parent=73"}],"curies":[{"name":"wp","href":"https:\/\/api.w.org\/{rel}","templated":true}]}}